{"id":3463,"date":"2014-08-30T12:42:54","date_gmt":"2014-08-30T11:42:54","guid":{"rendered":"http:\/\/ykhimmo.com\/promotion-immobiliere-tunisie\/?page_id=3463"},"modified":"2014-09-09T10:09:45","modified_gmt":"2014-09-09T09:09:45","slug":"3463-2","status":"publish","type":"page","link":"https:\/\/ykhimmo.com\/promotion-immobiliere-tunisie?page_id=3463","title":{"rendered":"Immeuble Le Treffle"},"content":{"rendered":"<div class=\"one_half\">\n<h3>Immeuble Le Treffle<\/h3>\n<p>Projet r\u00e9alis\u00e9 et g\u00e9r\u00e9 pour le compte de la Soci\u00e9t\u00e9 Kasso SA filiale du groupe Hamila<\/p>\n<p>Immeuble \u00e0 usage de bureaux d\u2019une superficie de 6 000 m\u00b2 en R+3<\/p>\n<p>Immeuble achev\u00e9 en 2004 et lou\u00e9 en totalit\u00e9 \u00e0 la Soci\u00e9t\u00e9 Teleperformance Co\u00fbt du projet : 4 M DT<\/p>\n<\/div>\n<div class=\"one_half last\">\n<p><span class=\"responsive\"><\/p>\n<p><a href=\"http:\/\/ykhimmo.com\/promotion-immobiliere-tunisie\/wp-content\/uploads\/2014\/08\/treffle_1.jpg\"><img decoding=\"async\" loading=\"lazy\" class=\"aligncenter size-full wp-image-3468\" src=\"http:\/\/ykhimmo.com\/promotion-immobiliere-tunisie\/wp-content\/uploads\/2014\/08\/treffle_1.jpg\" alt=\"treffle_1\" width=\"135\" height=\"92\" \/><\/a><\/p>\n<p><a href=\"http:\/\/ykhimmo.com\/promotion-immobiliere-tunisie\/wp-content\/uploads\/2014\/08\/treffle_2.jpg\"><img decoding=\"async\" loading=\"lazy\" class=\"aligncenter size-full wp-image-3467\" src=\"http:\/\/ykhimmo.com\/promotion-immobiliere-tunisie\/wp-content\/uploads\/2014\/08\/treffle_2.jpg\" alt=\"treffle_2\" width=\"135\" height=\"92\" \/><\/a><\/p>\n<p><\/span><\/p>\n<\/div>\n<div class=\"clear\"><\/div>\n<p>&nbsp;<\/p>\n","protected":false},"excerpt":{"rendered":"<p>Immeuble Le Treffle Projet r\u00e9alis\u00e9 et g\u00e9r\u00e9 pour le compte de la Soci\u00e9t\u00e9 Kasso SA filiale du groupe Hamila Immeuble \u00e0 usage de bureaux d\u2019une superficie de 6 000 m\u00b2\u2026 <a href=\"https:\/\/ykhimmo.com\/promotion-immobiliere-tunisie?page_id=3463\" class=\"read-more-link\">read more &rarr;<\/a><\/p>\n","protected":false},"author":1,"featured_media":0,"parent":0,"menu_order":0,"comment_status":"open","ping_status":"open","template":"","meta":[],"_links":{"self":[{"href":"https:\/\/ykhimmo.com\/promotion-immobiliere-tunisie\/index.php?rest_route=\/wp\/v2\/pages\/3463"}],"collection":[{"href":"https:\/\/ykhimmo.com\/promotion-immobiliere-tunisie\/index.php?rest_route=\/wp\/v2\/pages"}],"about":[{"href":"https:\/\/ykhimmo.com\/promotion-immobiliere-tunisie\/index.php?rest_route=\/wp\/v2\/types\/page"}],"author":[{"embeddable":true,"href":"https:\/\/ykhimmo.com\/promotion-immobiliere-tunisie\/index.php?rest_route=\/wp\/v2\/users\/1"}],"replies":[{"embeddable":true,"href":"https:\/\/ykhimmo.com\/promotion-immobiliere-tunisie\/index.php?rest_route=%2Fwp%2Fv2%2Fcomments&post=3463"}],"version-history":[{"count":14,"href":"https:\/\/ykhimmo.com\/promotion-immobiliere-tunisie\/index.php?rest_route=\/wp\/v2\/pages\/3463\/revisions"}],"predecessor-version":[{"id":3495,"href":"https:\/\/ykhimmo.com\/promotion-immobiliere-tunisie\/index.php?rest_route=\/wp\/v2\/pages\/3463\/revisions\/3495"}],"wp:attachment":[{"href":"https:\/\/ykhimmo.com\/promotion-immobiliere-tunisie\/index.php?rest_route=%2Fwp%2Fv2%2Fmedia&parent=3463"}],"curies":[{"name":"wp","href":"https:\/\/api.w.org\/{rel}","templated":true}]}}